{"id":312,"date":"2018-11-02T14:27:10","date_gmt":"2018-11-02T13:27:10","guid":{"rendered":"http:\/\/derpraktikant.eu\/?page_id=312"},"modified":"2019-01-11T13:46:05","modified_gmt":"2019-01-11T12:46:05","slug":"impressum","status":"publish","type":"page","link":"http:\/\/derpraktikant.eu\/pause\/impressum\/","title":{"rendered":"Impressum"},"content":{"rendered":"<p>[et_pb_section fb_built=&#8220;1&#8243; admin_label=&#8220;Contact Info&#8220; _builder_version=&#8220;3.0.65&#8243; custom_padding=&#8220;90px||90px|&#8220; locked=&#8220;off&#8220;][et_pb_row _builder_version=&#8220;3.0.47&#8243; background_size=&#8220;initial&#8220; background_position=&#8220;top_left&#8220; background_repeat=&#8220;repeat&#8220;][et_pb_column type=&#8220;1_3&#8243; _builder_version=&#8220;3.0.47&#8243; parallax=&#8220;off&#8220; parallax_method=&#8220;on&#8220;][et_pb_divider color=&#8220;#005180&#8243; divider_weight=&#8220;3px&#8220; height=&#8220;5px&#8220; disabled_on=&#8220;off|off|off&#8220; _builder_version=&#8220;3.17.2&#8243; background_color_gradient_direction=&#8220;90deg&#8220; module_alignment=&#8220;center&#8220; custom_margin=&#8220;||20px|&#8220; custom_padding=&#8220;||20px|&#8220; animation_style=&#8220;slide&#8220; animation_direction=&#8220;bottom&#8220; saved_tabs=&#8220;all&#8220; locked=&#8220;off&#8220;]&nbsp;<br \/>\n[\/et_pb_divider][et_pb_text admin_label=&#8220;Contact Section Title&#8220; _builder_version=&#8220;3.17.2&#8243; header_font=&#8220;Montserrat||||&#8220; header_text_color=&#8220;#005180&#8243; header_font_size=&#8220;36px&#8220; text_orientation=&#8220;center&#8220; max_width=&#8220;710px&#8220; module_alignment=&#8220;center&#8220; animation_style=&#8220;fold&#8220; animation_direction=&#8220;bottom&#8220; animation_intensity_fold=&#8220;20%&#8220;]<\/p>\n<h1>So erreichen Sie uns<\/h1>\n<p>[\/et_pb_text][et_pb_text admin_label=&#8220;Contact Section Subtitle&#8220; _builder_version=&#8220;3.17.2&#8243; text_font_size=&#8220;16px&#8220; text_line_height=&#8220;1.9em&#8220; text_orientation=&#8220;center&#8220; max_width=&#8220;710px&#8220; module_alignment=&#8220;center&#8220; animation_style=&#8220;fold&#8220; animation_direction=&#8220;bottom&#8220; animation_intensity_fold=&#8220;20%&#8220;]Unser Team f\u00fcr erfolgreiche Vermittlung von Praktikanten und Auszubildenden an die Hotellerie und Gastronomie<br \/>\n[\/et_pb_text][et_pb_blurb use_icon=&#8220;on&#8220; font_icon=&#8220;%%249%%&#8220; icon_color=&#8220;#005180&#8243; use_icon_font_size=&#8220;on&#8220; icon_font_size=&#8220;60px&#8220; icon_font_size_last_edited=&#8220;off|desktop&#8220; admin_label=&#8220;Address&#8220; _builder_version=&#8220;3.17.2&#8243; header_font=&#8220;Montserrat||||&#8220; header_text_color=&#8220;#1f1f1f&#8220; header_font_size=&#8220;22px&#8220; header_line_height=&#8220;1.8em&#8220; body_font_size=&#8220;16px&#8220; body_line_height=&#8220;1.9em&#8220; border_color_all=&#8220;#e0e0e0&#8243; text_orientation=&#8220;center&#8220; custom_margin=&#8220;|||&#8220; custom_padding=&#8220;30px|30px|30px|30px&#8220; animation_style=&#8220;fold&#8220; animation_direction=&#8220;bottom&#8220; animation_intensity_fold=&#8220;30%&#8220; use_border_color=&#8220;on&#8220; locked=&#8220;off&#8220;]Der Praktikant<\/p>\n<p>Corinna\u00a0 Roosen<\/p>\n<p>Roermonder Stra\u00dfe 45<br \/>\n41849 Wassenberg<br \/>\n[\/et_pb_blurb][et_pb_blurb use_icon=&#8220;on&#8220; font_icon=&#8220;%%104%%&#8220; icon_color=&#8220;#005180&#8243; use_icon_font_size=&#8220;on&#8220; icon_font_size=&#8220;60px&#8220; icon_font_size_last_edited=&#8220;off|desktop&#8220; _builder_version=&#8220;3.17.2&#8243; header_font=&#8220;Montserrat||||&#8220; header_text_color=&#8220;#1f1f1f&#8220; header_font_size=&#8220;22px&#8220; header_line_height=&#8220;1.8em&#8220; body_font_size=&#8220;16px&#8220; body_line_height=&#8220;1.9em&#8220; border_color_all=&#8220;#e0e0e0&#8243; text_orientation=&#8220;center&#8220; custom_margin=&#8220;|||&#8220; custom_padding=&#8220;30px|30px|30px|30px&#8220; animation_style=&#8220;fold&#8220; animation_direction=&#8220;bottom&#8220; animation_delay=&#8220;100ms&#8220; animation_intensity_fold=&#8220;30%&#8220; use_border_color=&#8220;on&#8220; locked=&#8220;off&#8220;]<\/p>\n<div class=\"et_pb_blurb et_pb_module et_pb_bg_layout_light et_pb_text_align_left et_animated et_pb_blurb_11 et_pb_blurb_position_left foldBottom\">\n<div class=\"et_pb_blurb_content\">\n<div class=\"et_pb_blurb_container\">\n<div class=\"et_pb_blurb_description\">\n<p>+49 (0)2432 \u2013 948 8820<\/p>\n<\/div>\n<\/div>\n<\/div>\n<\/div>\n<p>[\/et_pb_blurb][et_pb_blurb url=&#8220;mailto:welcome@derpraktikant.eu&#8220; use_icon=&#8220;on&#8220; font_icon=&#8220;%%238%%&#8220; icon_color=&#8220;#005180&#8243; use_icon_font_size=&#8220;on&#8220; icon_font_size=&#8220;60px&#8220; icon_font_size_last_edited=&#8220;off|desktop&#8220; admin_label=&#8220;Email&#8220; _builder_version=&#8220;3.19.4&#8243; header_font=&#8220;Montserrat||||&#8220; header_text_color=&#8220;#1f1f1f&#8220; header_font_size=&#8220;22px&#8220; header_line_height=&#8220;1.8em&#8220; body_font_size=&#8220;16px&#8220; body_line_height=&#8220;1.9em&#8220; border_color_all=&#8220;#e0e0e0&#8243; text_orientation=&#8220;center&#8220; custom_margin=&#8220;|||&#8220; custom_padding=&#8220;30px|30px|30px|30px&#8220; animation_style=&#8220;fold&#8220; animation_direction=&#8220;bottom&#8220; animation_delay=&#8220;200ms&#8220; animation_intensity_fold=&#8220;30%&#8220; use_border_color=&#8220;on&#8220; locked=&#8220;off&#8220;]<\/p>\n<p>welcome@derpraktikant.eu<\/p>\n<p>[\/et_pb_blurb][\/et_pb_column][et_pb_column type=&#8220;2_3&#8243; _builder_version=&#8220;3.0.47&#8243; parallax=&#8220;off&#8220; parallax_method=&#8220;on&#8220;][et_pb_text _builder_version=&#8220;3.17.2&#8243; header_text_color=&#8220;#005180&#8243;]<\/p>\n<h1>Impressum<\/h1>\n<p>Angaben gem\u00e4\u00df 5 TMG<\/p>\n<div class=\"et_pb_blurb_description\">\n<div class=\"et_pb_code et_pb_module et_pb_code_0\">\n<div class=\"et_pb_code_inner\">\n<p>Der Praktikant<\/p>\n<p>Einzelunternehmen<\/p>\n<p>Corinna Roosen<br \/> Roermonder Stra\u00dfe 45<br \/> 41849 Wassenberg<\/p>\n<p><strong>Vertreten durch:<\/strong><\/p>\n<p>Corinna Roosen<\/p>\n<p><strong>Kontakt<\/strong><\/p>\n<p>Telefon: +49 (0)2432 \u2013 948 8820<br \/> Telefax: +49 (0)2432 \u2013 948 8821<br \/> E-Mail: welcome@derpraktikant.eu<\/p>\n<p><strong>Umsatzsteuer:<\/strong><\/p>\n<p>Umsatzsteuer-Identifikationsnummer gem\u00e4\u00df \u00a727 a Umsatzsteuergesetz:<br \/> DE257453240<\/p>\n<p><strong>Streitschlichtung<\/strong><\/p>\n<p>Die Europ\u00e4ische Kommission stellt eine Plattform zur Online-Streitbeilegung (OS) bereit: <a href=\"https:\/\/ec.europa.eu\/consumers\/odr\" target=\"_blank\" rel=\"noopener\">https:\/\/ec.europa.eu\/consumers\/odr<\/a><br \/> Unsere E-Mail-Adresse finden Sie oben im Impressum.<\/p>\n<p>Wir sind nicht bereit oder verpflichtet, an Streitbeilegungsverfahren vor einer Verbraucherschlichtungsstelle teilzunehmen.<\/p>\n<p><strong>Haftung f\u00fcr Inhalte<\/strong><\/p>\n<p>Als Diensteanbieter sind wir gem\u00e4\u00df \u00a7 7 Abs.1 TMG f\u00fcr eigene Inhalte auf diesen Seiten nach den allgemeinen Gesetzen verantwortlich. Nach \u00a7\u00a7 8 bis 10 TMG sind wir als Diensteanbieter jedoch nicht verpflichtet, \u00fcbermittelte oder gespeicherte fremde Informationen zu \u00fcberwachen oder nach Umst\u00e4nden zu forschen, die auf eine rechtswidrige T\u00e4tigkeit hinweisen.<\/p>\n<p>Verpflichtungen zur Entfernung oder Sperrung der Nutzung von Informationen nach den allgemeinen Gesetzen bleiben hiervon unber\u00fchrt. Eine diesbez\u00fcgliche Haftung ist jedoch erst ab dem Zeitpunkt der Kenntnis einer konkreten Rechtsverletzung m\u00f6glich. Bei Bekanntwerden von entsprechenden Rechtsverletzungen werden wir diese Inhalte umgehend entfernen.<\/p>\n<p><strong>Haftung f\u00fcr Links<\/strong><\/p>\n<p>Unser Angebot enth\u00e4lt Links zu externen Websites Dritter, auf deren Inhalte wir keinen Einfluss haben. Deshalb k\u00f6nnen wir f\u00fcr diese fremden Inhalte auch keine Gew\u00e4hr \u00fcbernehmen. F\u00fcr die Inhalte der verlinkten Seiten ist stets der jeweilige Anbieter oder Betreiber der Seiten verantwortlich. Die verlinkten Seiten wurden zum Zeitpunkt der Verlinkung auf m\u00f6gliche Rechtsverst\u00f6\u00dfe \u00fcberpr\u00fcft. Rechtswidrige Inhalte waren zum Zeitpunkt der Verlinkung nicht erkennbar.<\/p>\n<p>Eine permanente inhaltliche Kontrolle der verlinkten Seiten ist jedoch ohne konkrete Anhaltspunkte einer Rechtsverletzung nicht zumutbar. Bei Bekanntwerden von Rechtsverletzungen werden wir derartige Links umgehend entfernen.<\/p>\n<p><strong>Urheberrecht<\/strong><\/p>\n<p>Die durch die Seitenbetreiber erstellten Inhalte und Werke auf diesen Seiten unterliegen dem deutschen Urheberrecht. Die Vervielf\u00e4ltigung, Bearbeitung, Verbreitung und jede Art der Verwertung au\u00dferhalb der Grenzen des Urheberrechtes bed\u00fcrfen der schriftlichen Zustimmung des jeweiligen Autors bzw. Erstellers. Downloads und Kopien dieser Seite sind nur f\u00fcr den privaten, nicht kommerziellen Gebrauch gestattet.<\/p>\n<p>Soweit die Inhalte auf dieser Seite nicht vom Betreiber erstellt wurden, werden die Urheberrechte Dritter beachtet. Insbesondere werden Inhalte Dritter als solche gekennzeichnet. Sollten Sie trotzdem auf eine Urheberrechtsverletzung aufmerksam werden, bitten wir um einen entsprechenden Hinweis. Bei Bekanntwerden von Rechtsverletzungen werden wir derartige Inhalte umgehend entfernen.<\/p>\n<p>Quelle: <a href=\"https:\/\/www.e-recht24.de\/impressum-generator.html\">https:\/\/www.e-recht24.de\/impressumgenerator. html<\/a><\/p>\n<\/div>\n<\/div>\n<\/div>\n<p>[\/et_pb_text][\/et_pb_column][\/et_pb_row][\/et_pb_section]<\/p>\n","protected":false},"excerpt":{"rendered":"<p>[et_pb_section fb_built=&#8220;1&#8243; admin_label=&#8220;Contact Info&#8220; _builder_version=&#8220;3.0.65&#8243; custom_padding=&#8220;90px||90px|&#8220; locked=&#8220;off&#8220;][et_pb_row _builder_version=&#8220;3.0.47&#8243; background_size=&#8220;initial&#8220; background_position=&#8220;top_left&#8220; background_repeat=&#8220;repeat&#8220;][et_pb_column type=&#8220;1_3&#8243; _builder_version=&#8220;3.0.47&#8243; parallax=&#8220;off&#8220; parallax_method=&#8220;on&#8220;][et_pb_divider color=&#8220;#005180&#8243; divider_weight=&#8220;3px&#8220; height=&#8220;5px&#8220; disabled_on=&#8220;off|off|off&#8220; _builder_version=&#8220;3.17.2&#8243; background_color_gradient_direction=&#8220;90deg&#8220; module_alignment=&#8220;center&#8220; custom_margin=&#8220;||20px|&#8220; custom_padding=&#8220;||20px|&#8220; animation_style=&#8220;slide&#8220; animation_direction=&#8220;bottom&#8220; saved_tabs=&#8220;all&#8220; locked=&#8220;off&#8220;]&nbsp; [\/et_pb_divider][et_pb_text admin_label=&#8220;Contact Section Title&#8220; _builder_version=&#8220;3.17.2&#8243; header_font=&#8220;Montserrat||||&#8220; header_text_color=&#8220;#005180&#8243; header_font_size=&#8220;36px&#8220; text_orientation=&#8220;center&#8220; max_width=&#8220;710px&#8220; module_alignment=&#8220;center&#8220; animation_style=&#8220;fold&#8220; animation_direction=&#8220;bottom&#8220; animation_intensity_fold=&#8220;20%&#8220;] So erreichen Sie uns [\/et_pb_text][et_pb_text admin_label=&#8220;Contact Section Subtitle&#8220; _builder_version=&#8220;3.17.2&#8243; text_font_size=&#8220;16px&#8220; text_line_height=&#8220;1.9em&#8220; text_orientation=&#8220;center&#8220; max_width=&#8220;710px&#8220; [&hellip;]<\/p>\n","protected":false},"author":1,"featured_media":0,"parent":0,"menu_order":0,"comment_status":"closed","ping_status":"closed","template":"","meta":{"_et_pb_use_builder":"on","_et_pb_old_content":"","_et_gb_content_width":""},"_links":{"self":[{"href":"http:\/\/derpraktikant.eu\/pause\/wp-json\/wp\/v2\/pages\/312"}],"collection":[{"href":"http:\/\/derpraktikant.eu\/pause\/wp-json\/wp\/v2\/pages"}],"about":[{"href":"http:\/\/derpraktikant.eu\/pause\/wp-json\/wp\/v2\/types\/page"}],"author":[{"embeddable":true,"href":"http:\/\/derpraktikant.eu\/pause\/wp-json\/wp\/v2\/users\/1"}],"replies":[{"embeddable":true,"href":"http:\/\/derpraktikant.eu\/pause\/wp-json\/wp\/v2\/comments?post=312"}],"version-history":[{"count":7,"href":"http:\/\/derpraktikant.eu\/pause\/wp-json\/wp\/v2\/pages\/312\/revisions"}],"predecessor-version":[{"id":494,"href":"http:\/\/derpraktikant.eu\/pause\/wp-json\/wp\/v2\/pages\/312\/revisions\/494"}],"wp:attachment":[{"href":"http:\/\/derpraktikant.eu\/pause\/wp-json\/wp\/v2\/media?parent=312"}],"curies":[{"name":"wp","href":"https:\/\/api.w.org\/{rel}","templated":true}]}}

<p>[et_pb_section fb_built=&#8220;1&#8243; admin_label=&#8220;Contact Info&#8220; _builder_version=&#8220;3.0.65&#8243; custom_padding=&#8220;90px||90px|&#8220; locked=&#8220;off&#8220;][et_pb_row _builder_version=&#8220;3.0.47&#8243; background_size=&#8220;initial&#8220; background_position=&#8220;top_left&#8220; background_repeat=&#8220;repeat&#8220;][et_pb_column type=&#8220;1_3&#8243; _builder_version=&#8220;3.0.47&#8243; parallax=&#8220;off&#8220; parallax_method=&#8220;on&#8220;][et_pb_divider color=&#8220;#005180&#8243; divider_weight=&#8220;3px&#8220; height=&#8220;5px&#8220; disabled_on=&#8220;off|off|off&#8220; _builder_version=&#8220;3.17.2&#8243; background_color_gradient_direction=&#8220;90deg&#8220; module_alignment=&#8220;center&#8220; custom_margin=&#8220;||20px|&#8220; custom_padding=&#8220;||20px|&#8220; animation_style=&#8220;slide&#8220; animation_direction=&#8220;bottom&#8220; saved_tabs=&#8220;all&#8220; locked=&#8220;off&#8220;]&nbsp;<br />
[/et_pb_divider][et_pb_text admin_label=&#8220;Contact Section Title&#8220; _builder_version=&#8220;3.17.2&#8243; header_font=&#8220;Montserrat||||&#8220; header_text_color=&#8220;#005180&#8243; header_font_size=&#8220;36px&#8220; text_orientation=&#8220;center&#8220; max_width=&#8220;710px&#8220; module_alignment=&#8220;center&#8220; animation_style=&#8220;fold&#8220; animation_direction=&#8220;bottom&#8220; animation_intensity_fold=&#8220;20%&#8220;]</p>
<h1>So erreichen Sie uns</h1>
<p>[/et_pb_text][et_pb_text admin_label=&#8220;Contact Section Subtitle&#8220; _builder_version=&#8220;3.17.2&#8243; text_font_size=&#8220;16px&#8220; text_line_height=&#8220;1.9em&#8220; text_orientation=&#8220;center&#8220; max_width=&#8220;710px&#8220; module_alignment=&#8220;center&#8220; animation_style=&#8220;fold&#8220; animation_direction=&#8220;bottom&#8220; animation_intensity_fold=&#8220;20%&#8220;]Unser Team für erfolgreiche Vermittlung von Praktikanten und Auszubildenden an die Hotellerie und Gastronomie<br />
[/et_pb_text][et_pb_blurb use_icon=&#8220;on&#8220; font_icon=&#8220;%%249%%&#8220; icon_color=&#8220;#005180&#8243; use_icon_font_size=&#8220;on&#8220; icon_font_size=&#8220;60px&#8220; icon_font_size_last_edited=&#8220;off|desktop&#8220; admin_label=&#8220;Address&#8220; _builder_version=&#8220;3.17.2&#8243; header_font=&#8220;Montserrat||||&#8220; header_text_color=&#8220;#1f1f1f&#8220; header_font_size=&#8220;22px&#8220; header_line_height=&#8220;1.8em&#8220; body_font_size=&#8220;16px&#8220; body_line_height=&#8220;1.9em&#8220; border_color_all=&#8220;#e0e0e0&#8243; text_orientation=&#8220;center&#8220; custom_margin=&#8220;|||&#8220; custom_padding=&#8220;30px|30px|30px|30px&#8220; animation_style=&#8220;fold&#8220; animation_direction=&#8220;bottom&#8220; animation_intensity_fold=&#8220;30%&#8220; use_border_color=&#8220;on&#8220; locked=&#8220;off&#8220;]Der Praktikant</p>
<p>Corinna  Roosen</p>
<p>Roermonder Straße 45<br />
41849 Wassenberg<br />
[/et_pb_blurb][et_pb_blurb use_icon=&#8220;on&#8220; font_icon=&#8220;%%104%%&#8220; icon_color=&#8220;#005180&#8243; use_icon_font_size=&#8220;on&#8220; icon_font_size=&#8220;60px&#8220; icon_font_size_last_edited=&#8220;off|desktop&#8220; _builder_version=&#8220;3.17.2&#8243; header_font=&#8220;Montserrat||||&#8220; header_text_color=&#8220;#1f1f1f&#8220; header_font_size=&#8220;22px&#8220; header_line_height=&#8220;1.8em&#8220; body_font_size=&#8220;16px&#8220; body_line_height=&#8220;1.9em&#8220; border_color_all=&#8220;#e0e0e0&#8243; text_orientation=&#8220;center&#8220; custom_margin=&#8220;|||&#8220; custom_padding=&#8220;30px|30px|30px|30px&#8220; animation_style=&#8220;fold&#8220; animation_direction=&#8220;bottom&#8220; animation_delay=&#8220;100ms&#8220; animation_intensity_fold=&#8220;30%&#8220; use_border_color=&#8220;on&#8220; locked=&#8220;off&#8220;]</p>
<div class="et_pb_blurb et_pb_module et_pb_bg_layout_light et_pb_text_align_left et_animated et_pb_blurb_11 et_pb_blurb_position_left foldBottom">
<div class="et_pb_blurb_content">
<div class="et_pb_blurb_container">
<div class="et_pb_blurb_description">
<p>+49 (0)2432 – 948 8820</p>
</div>
</div>
</div>
</div>
<p>[/et_pb_blurb][et_pb_blurb url=&#8220;mailto:welcome@derpraktikant.eu&#8220; use_icon=&#8220;on&#8220; font_icon=&#8220;%%238%%&#8220; icon_color=&#8220;#005180&#8243; use_icon_font_size=&#8220;on&#8220; icon_font_size=&#8220;60px&#8220; icon_font_size_last_edited=&#8220;off|desktop&#8220; admin_label=&#8220;Email&#8220; _builder_version=&#8220;3.19.4&#8243; header_font=&#8220;Montserrat||||&#8220; header_text_color=&#8220;#1f1f1f&#8220; header_font_size=&#8220;22px&#8220; header_line_height=&#8220;1.8em&#8220; body_font_size=&#8220;16px&#8220; body_line_height=&#8220;1.9em&#8220; border_color_all=&#8220;#e0e0e0&#8243; text_orientation=&#8220;center&#8220; custom_margin=&#8220;|||&#8220; custom_padding=&#8220;30px|30px|30px|30px&#8220; animation_style=&#8220;fold&#8220; animation_direction=&#8220;bottom&#8220; animation_delay=&#8220;200ms&#8220; animation_intensity_fold=&#8220;30%&#8220; use_border_color=&#8220;on&#8220; locked=&#8220;off&#8220;]</p>
<p>welcome@derpraktikant.eu</p>
<p>[/et_pb_blurb][/et_pb_column][et_pb_column type=&#8220;2_3&#8243; _builder_version=&#8220;3.0.47&#8243; parallax=&#8220;off&#8220; parallax_method=&#8220;on&#8220;][et_pb_text _builder_version=&#8220;3.17.2&#8243; header_text_color=&#8220;#005180&#8243;]</p>
<h1>Impressum</h1>
<p>Angaben gemäß 5 TMG</p>
<div class="et_pb_blurb_description">
<div class="et_pb_code et_pb_module et_pb_code_0">
<div class="et_pb_code_inner">
<p>Der Praktikant</p>
<p>Einzelunternehmen</p>
<p>Corinna Roosen<br /> Roermonder Straße 45<br /> 41849 Wassenberg</p>
<p><strong>Vertreten durch:</strong></p>
<p>Corinna Roosen</p>
<p><strong>Kontakt</strong></p>
<p>Telefon: +49 (0)2432 – 948 8820<br /> Telefax: +49 (0)2432 – 948 8821<br /> E-Mail: welcome@derpraktikant.eu</p>
<p><strong>Umsatzsteuer:</strong></p>
<p>Umsatzsteuer-Identifikationsnummer gemäß §27 a Umsatzsteuergesetz:<br /> DE257453240</p>
<p><strong>Streitschlichtung</strong></p>
<p>Die Europäische Kommission stellt eine Plattform zur Online-Streitbeilegung (OS) bereit: <a href="https://ec.europa.eu/consumers/odr" target="_blank" rel="noopener">https://ec.europa.eu/consumers/odr</a><br /> Unsere E-Mail-Adresse finden Sie oben im Impressum.</p>
<p>Wir sind nicht bereit oder verpflichtet, an Streitbeilegungsverfahren vor einer Verbraucherschlichtungsstelle teilzunehmen.</p>
<p><strong>Haftung für Inhalte</strong></p>
<p>Als Diensteanbieter sind wir gemäß § 7 Abs.1 TMG für eigene Inhalte auf diesen Seiten nach den allgemeinen Gesetzen verantwortlich. Nach §§ 8 bis 10 TMG sind wir als Diensteanbieter jedoch nicht verpflichtet, übermittelte oder gespeicherte fremde Informationen zu überwachen oder nach Umständen zu forschen, die auf eine rechtswidrige Tätigkeit hinweisen.</p>
<p>Verpflichtungen zur Entfernung oder Sperrung der Nutzung von Informationen nach den allgemeinen Gesetzen bleiben hiervon unberührt. Eine diesbezügliche Haftung ist jedoch erst ab dem Zeitpunkt der Kenntnis einer konkreten Rechtsverletzung möglich. Bei Bekanntwerden von entsprechenden Rechtsverletzungen werden wir diese Inhalte umgehend entfernen.</p>
<p><strong>Haftung für Links</strong></p>
<p>Unser Angebot enthält Links zu externen Websites Dritter, auf deren Inhalte wir keinen Einfluss haben. Deshalb können wir für diese fremden Inhalte auch keine Gewähr übernehmen. Für die Inhalte der verlinkten Seiten ist stets der jeweilige Anbieter oder Betreiber der Seiten verantwortlich. Die verlinkten Seiten wurden zum Zeitpunkt der Verlinkung auf mögliche Rechtsverstöße überprüft. Rechtswidrige Inhalte waren zum Zeitpunkt der Verlinkung nicht erkennbar.</p>
<p>Eine permanente inhaltliche Kontrolle der verlinkten Seiten ist jedoch ohne konkrete Anhaltspunkte einer Rechtsverletzung nicht zumutbar. Bei Bekanntwerden von Rechtsverletzungen werden wir derartige Links umgehend entfernen.</p>
<p><strong>Urheberrecht</strong></p>
<p>Die durch die Seitenbetreiber erstellten Inhalte und Werke auf diesen Seiten unterliegen dem deutschen Urheberrecht. Die Vervielfältigung, Bearbeitung, Verbreitung und jede Art der Verwertung außerhalb der Grenzen des Urheberrechtes bedürfen der schriftlichen Zustimmung des jeweiligen Autors bzw. Erstellers. Downloads und Kopien dieser Seite sind nur für den privaten, nicht kommerziellen Gebrauch gestattet.</p>
<p>Soweit die Inhalte auf dieser Seite nicht vom Betreiber erstellt wurden, werden die Urheberrechte Dritter beachtet. Insbesondere werden Inhalte Dritter als solche gekennzeichnet. Sollten Sie trotzdem auf eine Urheberrechtsverletzung aufmerksam werden, bitten wir um einen entsprechenden Hinweis. Bei Bekanntwerden von Rechtsverletzungen werden wir derartige Inhalte umgehend entfernen.</p>
<p>Quelle: <a href="https://www.e-recht24.de/impressum-generator.html">https://www.e-recht24.de/impressumgenerator. html</a></p>
</div>
</div>
</div>
<p>[/et_pb_text][/et_pb_column][/et_pb_row][/et_pb_section]</p>
